
True
Does 205 divide 10963?
False
Is 57 a factor of 1596?
True
Is 76736 a multiple of 44?
True
Is 29556 a multiple of 9?
True
Is 205 a factor of 10722?
False
Is 51 a factor of 3919?
False
Is 11932 a multiple of 76?
True
Is 705 a multiple of 5?
True
Is 16 a factor of 4448?
True
Does 13 divide 2490?
False
Is 128 a factor of 547?
False
Does 53 divide 159?
True
Does 41 divide 697?
True
Does 101 divide 6565?
True
Is 1383 a multiple of 42?
False
Does 15 divide 16394?
False
Does 116 divide 232?
True
Is 19 a factor of 1292?
True
Is 70169 a multiple of 11?
True
Is 76194 a multiple of 34?
True
Does 3 divide 5231?
False
Is 14 a factor of 33264?
True
Is 108 a multiple of 18?
True
Is 345 even?
False
Is 11 a factor of 1107?
False
Does 114 divide 290?
False
Does 3 divide 204?
True
Is 27 a factor of 3857?
False
Does 35 divide 6930?
True
Is 1098 a multiple of 50?
False
Does 4 divide 21843?
False
Is 25 a multiple of 25?
True
Does 23 divide 1173?
True
Is 6570 a multiple of 73?
True
Is 82 a factor of 8528?
True
Is 20 a factor of 790?
False
Is 95 even?
False
Is 58299 a multiple of 35?
False
Is 528 a multiple of 7?
False
Does 49 divide 65072?
True
Is 8 a factor of 11872?
True
Does 84 divide 252?
True
Is 12 a factor of 1728?
True
Does 59 divide 12567?
True
Is 198 a multiple of 33?
True
Is 2444 a multiple of 26?
True
Is 2 a factor of 131?
False
Is 19 a factor of 42218?
True
Is 3187 a multiple of 51?
False
Is 108 a factor of 36384?
False
Is 11 a factor of 15497?
False
Is 23 a factor of 109?
False
Does 9 divide 405?
True
Is 2550 a multiple of 14?
False
Is 2750 a multiple of 50?
True
Does 8 divide 60872?
True
Is 6160 a multiple of 22?
True
Does 107 divide 69246?
False
Is 6272 a multiple of 32?
True
Does 7 divide 1654?
False
Does 75 divide 24988?
False
Does 57 divide 4169?
False
Does 3 divide 40?
False
Is 934 a multiple of 3?
False
Does 18 divide 2376?
True
Is 5 a factor of 775?
True
Is 6672 a multiple of 22?
False
Is 5577 a multiple of 28?
False
Does 32 divide 21118?
False
Does 10 divide 32640?
True
Does 81 divide 2106?
True
Is 17760 a multiple of 111?
True
Is 624 a multiple of 6?
True
Does 5 divide 540?
True
Is 48630 a multiple of 30?
True
Is 20 a factor of 7960?
True
Is 25 a factor of 2450?
True
Is 32 a factor of 4416?
True
Is 15 a factor of 796?
False
Does 25 divide 7074?
False
Is 34734 a multiple of 26?
False
Is 206 a multiple of 4?
False
Is 25890 a multiple of 10?
True
Is 405 a multiple of 21?
False
Is 85 a factor of 2458?
False
Is 386 a multiple of 12?
False
Is 73 a factor of 5694?
True
Is 540 a multiple of 60?
True
Is 4868 a multiple of 4?
True
Is 25 a factor of 3660?
False
Is 12 a factor of 2100?
True
Is 26 a factor of 37752?
True
Does 129 divide 9675?
True
Is 62 a factor of 22320?
True
Does 82 divide 2214?
True
Is 3360 a multiple of 32?
True
Is 345 a multiple of 5?
True
Does 9 divide 11962?
False
Does 43 divide 2900?
False
Is 12 a factor of 9194?
False
Is 12 a factor of 3588?
True
Is 33 a factor of 3201?
True
Does 2 divide 9245?
False
Is 52769 a multiple of 17?
False
Is 7805 a multiple of 35?
True
Does 12 divide 1140?
True
Is 33856 a multiple of 10?
False
Is 528 a multiple of 132?
True
Does 13 divide 5844?
False
Is 7 a factor of 161?
True
Is 13 a factor of 619?
False
Does 12 divide 1130?
False
Does 10 divide 30140?
True
Is 8 a factor of 1072?
True
Does 69 divide 3038?
False
Is 12 a factor of 24351?
False
Does 7 divide 217?
True
Is 59 even?
False
Is 6 a factor of 1230?
True
Is 7418 a multiple of 96?
False
Does 29 divide 290?
True
Is 31 a factor of 54103?
False
Is 41364 a multiple of 27?
True
Is 105 a factor of 13848?
False
Is 130 a multiple of 2?
True
Does 12 divide 2534?
False
Is 8 a factor of 1548?
False
Is 6468 a multiple of 33?
True
Is 18 a factor of 3564?
True
Is 86 a factor of 4042?
True
Is 20 a factor of 8775?
False
Is 4440 a multiple of 74?
True
Is 1497 a multiple of 320?
False
Is 9 a factor of 1116?
True
Does 18 divide 830?
False
Is 76673 a multiple of 7?
False
Does 76 divide 1763?
False
Is 435 a multiple of 3?
True
Does 5 divide 24?
False
Is 160 a multiple of 5?
True
Does 257 divide 17527?
False
Is 177 a factor of 38440?
False
Does 6 divide 615?
False
Is 12904 a multiple of 10?
False
Is 8 a multiple of 8?
True
Is 22204 a multiple of 8?
False
Is 4 a factor of 1754?
False
Is 1184 a multiple of 32?
True
Does 7 divide 2721?
False
Is 16 a factor of 6704?
True
Is 7 a factor of 238?
True
Is 3128 a multiple of 34?
True
Is 61 a factor of 34357?
False
Is 87 a factor of 5558?
False
Does 52 divide 52?
True
Is 15631 a multiple of 7?
True
Does 6 divide 6696?
True
Is 1380 a multiple of 138?
True
Does 17 divide 629?
True
Does 11 divide 646?
False
Does 21 divide 3591?
True
Does 30 divide 9212?
False
Is 21 a factor of 126?
True
Is 36 a multiple of 8?
False
Is 258 a multiple of 2?
True
Does 14 divide 1960?
True
Is 4 a factor of 368?
True
Is 1716 a multiple of 143?
True
Is 24 a factor of 3264?
True
Is 612 a multiple of 58?
False
Is 15 a factor of 86295?
True
Does 22 divide 1297?
False
Does 64 divide 2182?
False
Is 48 a factor of 48277?
False
Is 55 a multiple of 11?
True
Is 4492 a multiple of 6?
False
Is 96 a multiple of 9?
False
Is 5 a factor of 407?
False
Does 9 divide 860?
False
Is 192 a factor of 72247?
False
Is 52 a factor of 3019?
False
Is 53 a factor of 21147?
True
Does 4 divide 683?
False
Is 49 a factor of 8383?
False
Does 11 divide 1416?
False
Does 9 divide 22576?
False
Is 26446 a multiple of 242?
False
Is 160 a factor of 93579?
False
Is 20 a factor of 4025?
False
Is 40833 a multiple of 9?
True
Does 12 divide 852?
True
Is 106 a factor of 20776?
True
Does 39 divide 3910?
False
Is 14 a factor of 30897?
False
Is 30 a factor of 40043?
False
Is 56 a factor of 836?
False
Is 24 a factor of 3296?
False
Is 11 a factor of 297?
True
Is 7784 a multiple of 202?
False
Is 2 a factor of 1063?
False
Is 2 a factor of 155?
False
Is 1300 a multiple of 20?
True
Does 20 divide 62303?
False
Is 192 a multiple of 48?
True
Is 26 a factor of 106522?
True
Does 37 divide 2637?
False
Does 22 divide 38293?
False
Is 17 a factor of 106?
False
Is 1247 a multiple of 43?
True
Is 76035 a multiple of 15?
True
Does 13 divide 8996?
True
Is 216 a multiple of 54?
True
Is 73 a factor of 5042?
False
Does 13 divide 9893?
True
Is 10696 a multiple of 191?
True
Does 52 divide 16875?
False
Is 16 a factor of 670?
False
Is 6 a factor of 5301?
False
Is 2015 a multiple of 38?
False
Is 2784 a multiple of 8?
True
Does 108 divide 997?
False
Is 50 a factor of 4970?
False
Is 326 a multiple of 18?
False
Is 159 a factor of 7792?
False
Does 10 divide 18844?
False
Is 3096 a multiple of 4?
True
Is 436 a multiple of 218?
True
Is 1012 a multiple of 22?
True
Is 19 a factor of 1891?
False
Does 62 divide 806?
True
Does 6 divide 578?
False
Does 3 divide 3882?
True
Is 18 a factor of 504?
True
Is 5 a factor of 26345?
True
Is 2581 a multiple of 4?
False
Does 42 divide 7350?
True
Is 1796 a multiple of 81?
False
Does 157 divide 6075?
False
Does 48 divide 384?
True
Is 198 a factor of 87793?
False
Is 13 a factor of 2329?
False
Does 12 divide 19?
False
Is 56 a factor of 1008?
True
Is 35712 a multiple of 279?
True
Is 6016 a multiple of 94?
True
Is 2727 a multiple of 55?
False
Is 849 a multiple of 7?
False
Is 65 a factor of 1073?
False
Is 51 a factor of 492?
False
Is 19 a factor of 836?
True
Is 2464 a multiple of 59?
False
Does 28 divide 2268?
True
Is 9 a factor of 40131?
True
Is 1230 a multiple of 53?
False
Is 60 a multiple of 10?
True
Is 32 a factor of 448?
True
Does 110 divide 2090?
True
Is 268 a multiple of 8?
False
Is 5692 a multiple of 12?
False
Does 62 divide 28210?
True
Is 14 a factor of 66?
False
Does 35 divide 2445?
False
Is 4002 a multiple of 29?
True
Does 10 divide 650?
True
Is 3 a factor of 483?
True
Is 2610 a multiple of 61?
False
Does 22 divide 253?
False
Is 3 a factor of 682?
False
Does 5 divide 60?
True
Does 17 divide 243?
False
Is 31 a factor of 2861?
False
Does 15 divide 3333?
False
Is 2975 a multiple of 119?
True
Is 81872 a multiple of 172?
True
Is 22 a factor of 4378?
True
Is 5369 a multiple of 6?
False
Does 39 divide 702?
True
Is 979 a multiple of 11?
True
Does 10 divide 748?
False
Is 30 even?
True
Is 6 a factor of 31386?
True
Does 13 divide 1417?
True
Is 150 a multiple of 15?
True
Is 2345 a multiple of 11?
False
